ded by 682623.
18
What is the remainder when 19212612 is divided by 265?
112
Calculate the remainder when 3050180 is divided by 289.
74
Calculate the remainder when 84597 is divided by 3306.
1947
What is the remainder when 115463 is divided by 3416?
2735
Calculate the remainder when 6051537 is divided by 104.
89
Calculate the remainder when 443321 is divided by 1114.
1063
Calculate the remainder when 5762510 is divided by 1920815.
65
Calculate the remainder when 86817694 is divided by 21704421.
10
What is the remainder when 342326 is divided by 67?
23
Calculate the remainder when 1541590 is divided by 8.
6
What is the remainder when 183081130 is divided by 3?
1
What is the remainder when 122026 is divided by 61010?
6
Calculate the remainder when 2446077 is divided by 1093.
1036
What is the remainder when 9634827 is divided by 1708?
1707
What is the remainder when 2709342 is divided by 11152?
10558
Calculate the remainder when 160477 is divided by 1801.
188
What is the remainder when 54624331 is divided by 1919?
1915
Calculate the remainder when 44149 is divided by 20761.
2627
What is the remainder when 4103 is divided by 974?
207
Calculate the remainder when 18067773 is divided by 834.
831
Calculate the remainder when 289454 is divided by 4990.
34
Calculate the remainder when 6065297 is divided by 2264.
41
Calculate the remainder when 3195 is divided by 805.
780
What is the remainder when 114775080 is divided by 62994?
12
Calculate the remainder when 136622 is divided by 2579.
2514
Calculate the remainder when 1719324 is divided by 191035.
9
What is the remainder when 4877836 is divided by 1444?
4
Calculate the remainder when 1243762 is divided by 1370.
1172
Calculate the remainder when 57863 is divided by 54324.
3539
What is the remainder when 120260341 is divided by 649?
641
Calculate the remainder when 1553301 is divided by 526.
23
What is the remainder when 51883832 is divided by 9?
2
What is the remainder when 305114 is divided by 75746?
2130
Calculate the remainder when 33863061 is divided by 7670.
11
Calculate the remainder when 10464569 is divided by 158554.
5
What is the remainder when 854185 is divided by 727?
687
Calculate the remainder when 14061036 is divided by 340.
336
Calculate the remainder when 220546336 is divided by 27568290.
16
Calculate the remainder when 6718509 is divided by 1291.
145
What is the remainder when 1675909 is divided by 82?
75
What is the remainder when 356158 is divided by 2613?
790
What is the remainder when 111453 is divided by 5356?
4333
Calculate the remainder when 1416501 is divided by 202209.
1038
Calculate the remainder when 91783 is divided by 45798.
187
Calculate the remainder when 2070589 is divided by 1535.
1409
Calculate the remainder when 360694 is divided by 2712.
2710
Calculate the remainder when 81901 is divided by 5261.
2986
Calculate the remainder when 156378206 is divided by 3724.
3722
What is the remainder when 737555 is divided by 737543?
12
What is the remainder when 1651449 is divided by 11390?
11289
Calculate the remainder when 381249218 is divided by 613.
611
Calculate the remainder when 35055247 is divided by 1594.
1593
What is the remainder when 17180004 is divided by 1943?
1941
Calculate the remainder when 683156 is divided by 113837.
134
Calculate the remainder when 1080106 is divided by 931.
146
What is the remainder when 3915717 is divided by 978906?
93
What is the remainder when 2208193 is divided by 2195?
23
What is the remainder when 9095076 is divided by 1819013?
11
What is the remainder when 340635 is divided by 1680?
1275
What is the remainder when 11961 is divided by 5223?
1515
Calculate the remainder when 92197 is divided by 9926.
2863
Calculate the remainder when 73660 is divided by 1410.
340
Calculate the remainder when 3361595 is divided by 15007.
27
Calculate the remainder when 87828 is divided by 151.
97
Calculate the remainder when 301528 is divided by 99981.
1585
Calculate the remainder when 1114119 is divided by 1336.
1231
Calculate the remainder when 173957 is divided by 2381.
144
Calculate the remainder when 123283 is divided by 40926.
505
What is the remainder when 850001 is divided by 706?
683
What is the remainder when 4018355818 is divided by 804?
802
Calculate the remainder when 49252040 is divided by 202.
198
Calculate the remainder when 16607493 is divided by 8.
5
What is the remainder when 166576 is divided by 256?
176
What is the remainder when 614030 is divided by 20286?
5450
Calculate the remainder when 1477933 is divided by 111.
79
What is the remainder when 36307757 is divided by 1512818?
125
What is the remainder when 3292834 is divided by 1646417?
0
What is the remainder when 7193922 is divided by 1438782?
12
Calculate the remainder when 7219 is divided by 1336.
539
What is the remainder when 78543 is divided by 2328?
1719
Calculate the remainder when 18855985 is divided by 523777.
13
Calculate the remainder when 194308 is divided by 231.
37
What is the remainder when 32917051 is divided by 64?
59
Calculate the remainder when 2442598 is divided by 230.
228
Calculate the remainder when 8284614 is divided by 755.
754
What is the remainder when 3754984 is divided by 373?
366
Calculate the remainder when 46956524 is divided by 34.
8
Calculate the remainder when 12631 is divided by 267.
82
Calculate the remainder when 109430 is divided by 54703.
24
What is the remainder when 10600677 is divided by 185?
177
Calculate the remainder when 98989 is divided by 900.
889
Calculate the remainder when 1705758 is divided by 246.
240
What is the remainder when 203799 is divided by 5223?
102
What is the remainder when 411737 is divided by 9575?
12
Calculate the remainder when 21458220 is divided by 758.
756
What is the remainder when 2657752 is divided by 46?
10
Calculate the remainder when 858534 is divided by 429261.
12
Calculate the remainder when 87799792 is divided by 530.
522
Calculate the remainder when 1018026 is divided by 748.
746
Calculate the remainder when 540727 is divided by 540120.
607
Calculate the remainder when 12095376 is divided by 86.
78
Calculate the remainder when 5574190 is divided by 8.
6
Calculate the remainder when 194723842 is divided by 4116.
4114
What is the remainder when 8112462 is divided by 142?
2
Calculate the remainder when 397203 is divided by 2840.
2443
Calculate the remainder when 898928 is divided by 1967.
9
Calculate the remainder when 1722778 is divided by 9414.
16
What is the remainder when 87838 is divided by 40?
38
Calculate the remainder when 139275808 is divided by 75941.
14
Calculate the remainder when 312105 is divided by 154.
101
What is the remainder when 1158446 is divided by 929?
912
Calculate the remainder when 2295478 is divided by 1147732.
14
What is the remainder when 896535 is divided by 81503?
2
What is the remainder when 475720 is divided by 234?
232
Calculate the remainder when 24204 is divided by 555.
339
Calculate the remainder when 5040512 is divided by 840064.
128
What is the remainder when 52469277 is divided by 13117306?
53
What is the remainder when 670596 is divided by 47200?
9796
Calculate the remainder when 775642 is divided by 124.
22
What is the remainder when 1482010 is divided by 164607?
547
What is the remainder when 315562 is divided by 8510?
692
Calculate the remainder when 2608791 is divided by 294.
129
What is the remainder when 2948117 is divided by 8121?
194
Calculate the remainder when 724547 is divided by 1461.
1352
What is the remainder when 64531 is divided by 630?
271
What is the remainder when 93194139 is divided by 260?
259
Calculate the remainder when 23876 is divided by 3406.
34
Calculate the remainder when 11019833 is divided by 3673259.
56
Calculate the remainder when 29480175 is divided by 22.
21
Calculate the remainder when 12306 is divided by 5772.
762
Calculate the remainder when 1492612 is divided by 3737.
1549
What is the remainder when 917094 is divided by 61?
20
What is the remainder when 213697 is divided by 106636?
425
What is the remainder when 428603 is divided by 580?
563
Calculate the remainder when 9147041 is divided by 67.
0
Calculate the remainder when 788333 is divided by 12715.
3
What is the remainder when 1655132 is divided by 2754?
2732
Calcul